 + (1 - -3)). Calculate the highest common divisor of p and 7.
7
Suppose 32 = -6*j + 44. Suppose -3 = j*b - 27. Calculate the highest common divisor of b and 12.
12
Let q(r) = -32*r**3 - r**2 - r. Let l be q(-1). Suppose -4*k - 3*i = -26, 4*k + 2*i = -27 + 55. Calculate the highest common factor of k and l.
8
Let k(n) = -n**3 + 33*n**2 - 56*n - 116. Let u be k(31). What is the greatest common factor of 98 and u?
14
Let f be 0/1*(29 + -30). Suppose -16*l = -f*l - 96. Calculate the greatest common divisor of 6 and l.
6
Suppose 1970 - 6590 = -70*b. Calculate the greatest common divisor of b and 78.
6
Let y be -10 + 10 + (12 - 0). Calculate the highest common divisor of y and 3.
3
Suppose 2*x + f = 5*x - 420, -5*f = -4*x + 560. Suppose x = t + t. What is the greatest common factor of t and 28?
14
Suppose -2*f + 3 = 11. Let q be 0 + f*1/(-2). Suppose j = q*j - 65. Calculate the highest common divisor of 26 and j.
13
Suppose -p - 2*k + 0 + 9 = 0, 2*p = k + 3. Let w be ((-14)/p)/(2/(-6)). What is the greatest common divisor of 126 and w?
14
Let i(s) = s**2 + 28*s - 428. Let c be i(-39). Let x be (-10)/(-3) + (-1)/3. Let p = x - 1. Calculate the highest common factor of c and p.
1
Suppose -2*r + 3*i - 8 = -58, -104 = -5*r - 3*i. What is the highest common factor of r and 154?
22
Let y = -19 + 29. What is the greatest common factor of y and 65?
5
Suppose 8 = -4*r + y, 0 = -r - 3*r - 2*y + 4. Let g be (r - -7)/((-6)/(-20)). What is the highest common divisor of g and 80?
20
Let b = -130 - -154. Calculate the greatest common divisor of 108 and b.
12
Suppose -2*h + h = 0. Suppose -c + 16 - 6 = h. Let x be 120/((-1568)/(-96) - 15). What is the highest common divisor of x and c?
10
Let z = -228 + 143. Let g = 220 + z. Let a = 28 + -13. Calculate the greatest common divisor of a and g.
15
Let v(k) = 63*k**3 - 3*k**2 + 4*k. Let f be v(1). Calculate the greatest common divisor of f and 40.
8
Let i = -2395 + 2409. Calculate the highest common factor of i and 3962.
14
Let r be (-2)/(-19) - 29/(5510/(-18980)). Calculate the greatest common factor of 310 and r.
10
Suppose 71 = s + 11. Calculate the greatest common divisor of 15 and s.
15
Let b = 1449 + -1314. What is the highest common divisor of b and 27?
27
Let z be -109 + 9/(-9)*(-6)/(-2). Let k = -56 - z. Calculate the greatest common factor of 280 and k.
56
Suppose -28*x = -32*x + 200. What is the greatest common factor of 15 and x?
5
Let w(y) = 9*y - 9. Let r(x) = -8*x + 10. Let t(j) = 4*r(j) + 3*w(j). Let n be t(4). Let l = n + 15. Calculate the greatest common factor of l and 16.
8
Let o(s) = -s**3 + 9*s**2 + 14*s - 22. Let t be 10/(-1 + 6 - 4). Let p be o(t). Calculate the greatest common divisor of p and 54.
18
Suppose 0 = 3*p - 8*p + 55. Let a = p - 9. Suppose 2*x + 58 = a*b - 174, 3*b - 345 = 4*x. What is the greatest common divisor of b and 17?
17
Suppose 3*i - 273 - 21 = 0. What is the highest common factor of i and 147?
49
Let g = -16 + 21. Suppose 0 = -3*k + p + 3, -k + 3 - 2 = -g*p. Let m be 1 - k - (1 - 26). What is the greatest common factor of 5 and m?
5
Suppose -4*g = g - 10. Let w = 51 + -33. Suppose -6*n - w = -7*n. What is the highest common divisor of n and g?
2
Let q(o) = -o**2 + 21*o - 65. Let a be q(15). Let x = 4 + -2. Suppose x*j - 50 = -0*j. Calculate the greatest common divisor of j and a.
25
Suppose 2*o = -3*p + 152, p + 4*o = 49 + 15. Let s = p - -95. What is the highest common divisor of s and 13?
13
Let t(o) = o**3 - 9*o**2 + 16*o + 4. Let s be t(7). Calculate the greatest common factor of s and 162.
18
Let t be 4/(-4)*(-10 + -229) + -8. What is the greatest common factor of t and 770?
77
Suppose 3*k = -0*k + 36. Let v = 9 + -5. Suppose -v*m = -0*m - 384. What is the greatest common divisor of m and k?
12
Suppose 48 = -0*q + 2*q. Suppose 6*t + 0*t - 168 = 0. Let s = q + t. Calculate the highest common factor of 13 and s.
13
Let q be 3 - ((-13930)/16 - 30/80). What is the greatest common divisor of q and 38?
38
Suppose 4*b = 4*m - 11316, -23*b + 25*b = 0. What is the highest common factor of m and 69?
69
Let o = -329 + 336. Calculate the greatest common factor of 203 and o.
7
Let s = -246 + 408. Calculate the greatest common factor of s and 72.
18
Let h(d) = d**2 - 10*d - 13. Let i be h(12). Let y be i*-6*(-24)/(-18). Let c = y + 128. What is the greatest common factor of c and 10?
10
Let a(n) = 93*n + 32. Let l be a(11). Suppose -13 + 249 = r + 4*t, -5*r + 5*t = -l. Calculate the greatest common divisor of r and 27.
27
Suppose -17*p + 7788 = -5115. Calculate the highest common factor of p and 69.
69
Suppose -52*c = -4*c - 432. Calculate the highest common factor of 9 and c.
9
Let i(h) = 3*h**3 - 15*h**2 - 9*h + 28. Let s be i(6). Calculate the greatest common factor of s and 287.
41
Let n = -42 + 44. Suppose 7*l = n*l + 100. What is the highest common divisor of l and 50?
10
Suppose -4*p - 8 = 0, 0 = -4*g - 15*p + 13*p + 112. What is the highest common factor of g and 203?
29
Let y be (-1054)/93*2*3. Suppose 3*z - 156 = 3*g - 2*z, -5*g + 3*z = 244. Let m = g - y. What is the highest common divisor of m and 7?
7
Let w = -512 + 576. What is the highest common divisor of 208 and w?
16
Suppose -4*s = 2*g - 304, -528*s = -3*g - 531*s + 453. Calculate the highest common factor of 800 and g.
50
Let c(r) = r**2 - 14*r - 59. Let a be c(29). What is the highest common factor of 8 and a?
8
Suppose -3*k + 54 = 5*o, -o + 2*k - 51 = -6*o. What is the greatest common divisor of o and 207?
9
Let i(j) = j**2 - 18*j - 86. Let s be i(-4). What is the highest common factor of 21 and s?
1
Let p(d) = 3*d + 15. Let l be p(-4). Suppose v + 2 = -l*o, 6 + 6 = -3*o. Calculate the greatest common divisor of v and 25.
5
Let x(h) = -28*h - 98. Let n be x(-4). Calculate the highest common factor of 35 and n.
7
Let b = -1234 + 1255. Let n = 21 - 7. Calculate the greatest common factor of n and b.
7
Let b(k) = -k**2 - 7*k + 21. Let d be b(-13). Let u = d - -157. What is the highest common divisor of u and 40?
20
Let b(u) = u**2 + u - 2. Let h be b(-5). Let d = -18 + h. Suppose -4*g - 148 = -4*l, g + 197 = 5*l - d*g. Calculate the greatest common factor of 10 and l.
10
Let b(z) = -z**3 - 8*z**2 - 12*z + 2. Let w be b(-6). Calculate the greatest common divisor of w and 48.
2
Let n be (-6)/(-24) + (-7)/(-4). Let k = n + 11. What is the highest common divisor of k and 91?
13
Let c(m) = 3*m - 12. Let k(v) = -4*v + 12. Let x(a) = -5*c(a) - 4*k(a). Let b be x(-4). Calculate the highest common factor of 8 and b.
8
Let x be 18/207 - 1422/(-46). Calculate the highest common divisor of 1 and x.
1
Let b be (5/2)/(985/4728). Suppose -5*j + 54 = 2*a - 4*a, 0 = 3*a - 9. Calculate the highest common factor of j and b.
12
Let b be (101 - (-4)/((-4)/7)) + 2. Calculate the greatest common divisor of b and 160.
32
Let i(s) = s**3 + 5*s**2 - 11*s - 13. Let c be i(-6). Suppose 12*d - c = -5. Calculate the highest common divisor of d and 1.
1
Let o(l) = -l**3 + 5*l**2 - l - 3. Let q be o(4). Let n(p) = 4*p + 19. Let s = 18 + 2. Let y be n(s). What is the highest common factor of q and y?
9
Let w(g) = -6*g - 2. Let r be w(-3). Suppose -133 = -46*o + 51. Calculate the highest common factor of r and o.
4
Suppose -397*r + 402*r = 4800. Calculate the highest common divisor of 60 and r.
60
Suppose -3*g - 6 + 18 = 0. Let c be 6/g*(-80)/(-12). Let w(k) = k**2 + 4*k - 17. Let m be w(4). Calculate the greatest common divisor of m and c.
5
Suppose 243*r - 246*r = -48. Calculate the greatest common factor of 408 and r.
8
Let l(t) = -t**2 + 14*t - 9. Let m be l(13). Suppose 0*j = -j + c - 14, m*c - 20 = 0. Let w be 104/18 - 2/j. Calculate the highest common factor of w and 9.
3
Let x = -1300 - -1324. Calculate the highest common divisor of 1944 and x.
24
Let f(s) = s + 2. Let l(u) = -u. Let r(p) = f(p) + 6*l(p). Let z be r(-2). What is the highest common divisor of z and 18?
6
Suppose -2*f = -2*r - 46, -3*r - 111 = -7*f + 2*f. Let t = -30 - -51. What is the highest common divisor of f and t?
21
Suppose 2*p - 24 = -v, 2*v - 36 = -4*p + 3*v. Suppose -13*s + 48 = -p*s. Calculate the greatest common factor of s and 80.
16
Let q = 330 - 314. What is the greatest common factor of q and 68?
4
Suppose 2*z = 28 - 22. Let k(y) = -y + 9. Let p be k(7).